{"id":533,"date":"2018-09-26T08:03:50","date_gmt":"2018-09-26T06:03:50","guid":{"rendered":"https:\/\/www.funebru.be\/wpfune\/?page_id=533"},"modified":"2018-09-26T08:03:50","modified_gmt":"2018-09-26T06:03:50","slug":"politique-de-confidentialite","status":"publish","type":"page","link":"https:\/\/www.funebru.be\/wpfune\/politique-de-confidentialite\/","title":{"rendered":"Politique de confidentialit\u00e9"},"content":{"rendered":"POLITIQUE DE CONFIDENTIALIT\u00c9 FUNEBRU.BE Nous prenons au s\u00e9rieux <a href=\"https:\/\/www.funebru.be\/wpfune\/politique-de-confidentialite\/\" class=\"more-link\">(suite\u2026)<\/a>","protected":false},"excerpt":{"rendered":"<p>POLITIQUE DE CONFIDENTIALIT\u00c9 FUNEBRU.BE Nous prenons au s\u00e9rieux (suite\u2026)<\/p>\n","protected":false},"author":1,"featured_media":0,"parent":0,"menu_order":0,"comment_status":"closed","ping_status":"closed","template":"","meta":{"footnotes":""},"class_list":["post-533","page","type-page","status-publish","hentry"],"_links":{"self":[{"href":"https:\/\/www.funebru.be\/wpfune\/wp-json\/wp\/v2\/pages\/533","targetHints":{"allow":["GET"]}}],"collection":[{"href":"https:\/\/www.funebru.be\/wpfune\/wp-json\/wp\/v2\/pages"}],"about":[{"href":"https:\/\/www.funebru.be\/wpfune\/wp-json\/wp\/v2\/types\/page"}],"author":[{"embeddable":true,"href":"https:\/\/www.funebru.be\/wpfune\/wp-json\/wp\/v2\/users\/1"}],"replies":[{"embeddable":true,"href":"https:\/\/www.funebru.be\/wpfune\/wp-json\/wp\/v2\/comments?post=533"}],"version-history":[{"count":1,"href":"https:\/\/www.funebru.be\/wpfune\/wp-json\/wp\/v2\/pages\/533\/revisions"}],"predecessor-version":[{"id":534,"href":"https:\/\/www.funebru.be\/wpfune\/wp-json\/wp\/v2\/pages\/533\/revisions\/534"}],"wp:attachment":[{"href":"https:\/\/www.funebru.be\/wpfune\/wp-json\/wp\/v2\/media?parent=533"}],"curies":[{"name":"wp","href":"https:\/\/api.w.org\/{rel}","templated":true}]}}